+ 154860. What is the tens digit of h?
8
Suppose -5*h + 5443 = 4*v, -4*v + 176 - 2370 = -2*h. What is the thousands digit of h?
1
Let p be (-147)/(-35) + (-3)/15. Suppose o + 3*x - 266 = 98, p*o + 3*x - 1429 = 0. What is the units digit of o?
5
What is the thousands digit of -98706*(-6)/45 - (-110)/550?
3
Suppose 3*i - 589*a = -587*a + 95143, 0 = -i - 5*a + 31754. What is the thousands digit of i?
1
Let k = -235 + 240. Suppose 4*p + 3*z = 1643, k + 15 = 4*z. What is the tens digit of p?
0
Let u = 10014 - 8631. What is the tens digit of u?
8
What is the units digit of (-9)/(-21) + (-141300)/(-21) + -2?
7
Let a(x) = -3776*x - 55. What is the thousands digit of a(-2)?
7
Let h(m) = -m**2 - 465*m - 271. What is the ten thousands digit of h(-194)?
5
Let p = 60 - 57. Let a(b) = 5*b - 2 - 2*b**2 + 6*b**p + 10 - 1. What is the hundreds digit of a(3)?
1
Let x(n) = n**3 + 25*n**2 + 113*n - 47. What is the thousands digit of x(23)?
7
Suppose 151 + 59 = 6*r. Suppose -r*f - 3555 = -50*f. What is the tens digit of f?
3
Let z = -34176 + 68878. What is the thousands digit of z?
4
Let a be 217/4 + 30/40. Let x = 96 + -57. Let h = a - x. What is the tens digit of h?
1
Let m be (-3 + 22/(-4))*78/(-3). Let r = m - 322. Let d = r + 167. What is the units digit of d?
6
Suppose -p = 2*w + 1 + 15, 0 = w + 3. Let i(u) = -71*u - 37. What is the tens digit of i(p)?
7
Let q = 10613 - 2885. What is the tens digit of q?
2
Let t = -78 - -115. Let j = -24 + t. Suppose 14*d - j*d = 47. What is the units digit of d?
7
Let g = 4858 + 1582. What is the tens digit of g?
4
Let i(n) = 220*n**2 - 74*n + 21. What is the hundreds digit of i(-5)?
8
Suppose -13*a + 4 = -11*a. Let p be -6*a/(6*-1). Suppose 9 + 11 = p*x. What is the tens digit of x?
1
Suppose 5*l + 5*k + 0*k - 40 = 0, l - 4*k = -17. Let q(v) = 17*v - 50*v - l - 9*v - 69*v. What is the units digit of q(-1)?
8
Let f(s) = 1188*s + 4886. What is the units digit of f(15)?
6
Let p(v) = -6*v + 10. Let q be p(-6). Let j = q - 34. Suppose -19*u + j*u + 651 = 0. What is the tens digit of u?
9
Suppose 1 = -5*p - 9, 171 = d + 3*p. Let l = d + -29. Suppose 4*b - 204 - l = 0. What is the tens digit of b?
8
Let a(p) = 789*p - 96. Let w be a(12). Suppose 149*h + w = 161*h. What is the tens digit of h?
8
Suppose -224*b - 182*b = -4297690 - 8992720. What is the hundreds digit of b?
7
Let n(a) = -8*a**2 - a + 21. Let h(b) = -b**2 - b - 1. Let c(s) = 2*h(s) - n(s). Suppose 0 = -3*u + 2*u + 3*y + 2, 0 = -y + 1. What is the units digit of c(u)?
2
Let s be (12/1)/((-5)/10). Let u = -22 - s. Suppose 4*j = 3*l + 369, u*j + 2*l + 276 = 5*j. What is the tens digit of j?
9
Let k(u) = -u**3 - 103*u**2 + 174*u + 112. What is the ten thousands digit of k(-106)?
1
Let i = 51645 - 32377. Suppose 48746 = 34*b + i. What is the tens digit of b?
6
Let c = -415 + 618. Suppose 3*u - j = -3*j + 911, 0 = -5*u + j + 1514. Let b = u - c. What is the tens digit of b?
0
Suppose 32754 + 31506 = 21*l. Suppose -l = -15*k + 2130. What is the hundreds digit of k?
3
Let h be (2/(-24)*3)/(2/(-1592)). Suppose -t + h = -188. What is the units digit of 2/((-3)/(t/12))*-2?
3
Suppose 24297*u = 24276*u + 805623. What is the ten thousands digit of u?
3
Suppose -28*u = -0*u - 30128. Suppose -6*x + u = 68. What is the tens digit of x?
6
Let o = 100 + 35. Let k = o - -288. What is the hundreds digit of k?
4
What is the thousands digit of (48226/6)/(640/384) + (-2)/(-5)?
4
What is the tens digit of (-48)/36*(-2664)/1*14/21?
6
Let s = -132 + 569. Suppose 5*n = 4*z + s, -n + 3*n = 5*z + 559. Let d = 220 + z. What is the tens digit of d?
0
Let w(r) = r**2 + 17*r - 4. Let h be w(-17). Let j(n) = 11*n**2 + 6*n + 9. What is the tens digit of j(h)?
6
Let j(t) = 4*t + 25. Let x(a) = 2*a + 25. Let y(g) = -5*j(g) + 6*x(g). What is the units digit of y(-10)?
5
Let n be (-6*1 - -3) + 445. Suppose -j - j = n. Let p = -120 - j. What is the tens digit of p?
0
Let c = -37097 - -67433. Let v be c/80 - (-1 - 12/(-10)). Suppose 0 = -5*y + v + 291. What is the units digit of y?
4
Let m(h) be the first derivative of -h**4/4 - 3*h**3 + 12*h**2 + 6*h + 2. What is the units digit of m(-13)?
0
Suppose 9*p + 18*p - 16227 = 0. Suppose -3*x - 151 = -p. What is the tens digit of x?
5
Let h(x) = -88*x + 7442. What is the hundreds digit of h(51)?
9
Let u(a) = -a**3 - 7*a**2 + 13*a + 55. Let k be u(-11). Let x = -199 + k. What is the units digit of x?
7
Let r = -54 - -677. Suppose 2*h - 1258 = -5*c, 0 = -3*h + 2*h - 4*c + r. Suppose -289 = -4*n + h. What is the units digit of n?
2
Let w(u) = 13*u + 11*u**2 - 19 - 16*u**2 - 9*u**2 + u**3. What is the hundreds digit of w(15)?
4
Let r = 132953 - 64667. What is the hundreds digit of r?
2
Let q(x) = -59*x + 362. Let g be q(6). What is the hundreds digit of (7 - (-2952)/16)*g?
5
Suppose 1451*u - 1453*u = 10. What is the units digit of (30/(-63))/u - 101268/(-378)?
8
Suppose 186 = -2*z + 524. What is the hundreds digit of -4 + z + 10/2?
1
Suppose 3*q + 2*r - 16882 = 0, 0 = 10*q - 5*q - 5*r - 28145. Suppose 0 = -41*j + 53*j - q. What is the hundreds digit of j?
4
Let p(g) = -6*g**3 - 19*g**2 + 25*g + 9. What is the thousands digit of p(-9)?
2
Suppose 2*p = 2*i - 32, -5*i + 3*p + 64 = -i. Suppose 11887 = i*q + 2927. What is the hundreds digit of q?
5
What is the thousands digit of (6604/20)/(13 - (-13970)/(-1075))?
0
What is the tens digit of 8133 + 19/((-152)/(-16))?
3
Suppose 0 = -3*c - 2*b - 0 + 13, -2*b = 5*c - 19. Let o(f) = 93*f**c - 2 + 6 - 2 - f - f. What is the tens digit of o(1)?
9
Let l(p) = 2*p**3 - 2*p**2 + 8*p - 16. Suppose 0*d - 3*d + 21 = x, -4*x = -5*d + 35. What is the hundreds digit of l(d)?
6
Suppose -20 = 20*f - 100. Suppose -2902 = -5*o - 3*k, f*o + 5*k = 6*k + 2325. What is the units digit of o?
1
Suppose 5*u - 3485 = -5*q, -q - 241 + 928 = -u. Suppose 5*x - q = -o + 31, -4*o - 5*x = -2952. What is the tens digit of o?
4
Suppose -50*z = 5*q - 47*z - 175930, -9*q + 5*z = -316674. What is the tens digit of q?
8
Suppose -2*b = -4*b. Suppose 0*v - 5*v + 585 = b. Suppose y + 4*l = 30, y + 3*l = -2*y + v. What is the units digit of y?
2
Let n = 87831 - 47299. What is the hundreds digit of n?
5
Suppose -19*b = 5*c - 20*b - 155003, -b = -2. What is the thousands digit of c?
1
Let t(o) = -o**3 + 64*o**2 - 116*o + 164. What is the ten thousands digit of t(29)?
2
Let t(d) = 39*d**2 - 145*d + 254. What is the ten thousands digit of t(-26)?
3
Let w be (22/5)/(4 + 114/(-30)). Let s(o) = -19 - 9 - 10 - w*o. What is the hundreds digit of s(-11)?
2
Let a = 29 - 7. Suppose -3*d = -2*y - a - 75, 2*y + d + 77 = 0. Let s = -34 - y. What is the units digit of s?
7
Let r be -1 - (-4)/((-24)/2718). What is the units digit of (2/(8/r))/((-4)/8)?
7
Suppose -5*r + h + 4406 = 0, h + 0 - 4 = 0. What is the hundreds digit of r?
8
Let l(s) = 2*s**3 - 9*s**2 + 11*s. Let g be l(4). Suppose -6*q - g + 1984 = 0. What is the hundreds digit of q?
3
Let u(z) = -z**3 + 4*z**2 + z - 5. Let r be u(-2). What is the tens digit of (-38)/38 - 11*r*-5?
3
Suppose -7 + 31 = 2*i. Suppose -i = -l - l. Suppose l*m + 1 = 73. What is the tens digit of m?
1
Let u = 26917 + -20591. What is the thousands digit of u?
6
Let o(b) = b**2 + b + 358. Let d be (1 + -1)*(4 + -3). What is the units digit of o(d)?
8
Let t be -3 + 36/20 - 24/30. What is the hundreds digit of ((-125)/(-10))/(t*1/(-60))?
3
Let o(v) = 50*v**2 - v + 7. Let y be 45/(-10)*24/(-9). Let a(m) = 4*m - 50. Let s be a(y). What is the hundreds digit of o(s)?
2
What is the thousands digit of 802/(4 + (-1596)/406)?
1
Suppose 280 = 23*i - 33*i. Let g = 31 - i. What is the tens digit of g?
5
Suppose -438*w + 19404309 = -79*w. What is the ten thousands digit of w?
5
Suppose -5976 = 21*b - 2322. Let a = b + 347. What is the hundreds digit of a?
1
Suppose -27562 = -i + 3*d, -3*d - 114084 = -3*i - 31392. What is the thousands digit of i?
7
Let k be (5/(-2))/(1/4). Let z be 2/k - (-456)/5. Suppose -u = b + 2*u - z, -3*b + u + 263 = 0. What is the tens digit of b?
8
Suppose -n + 6*n - 40 = 2*g, 0 = -2*n + g + 16. Suppose 0 = -4*f + n + 4. Suppose -f*i + 22 = -65. What is the tens digit of i?
2
Suppose 15 = 5*g - 5. Let z(j) = -6*j**2 - 37*j + 40. Let k be z(-7). Suppose -k = g*i - 9, 90 = 4*l + 2*i. What is the tens digit of l?
2
Let q(t) = -t - 1. Let